{"id":1154,"date":"2018-06-09T15:42:28","date_gmt":"2018-06-09T13:42:28","guid":{"rendered":"http:\/\/phototigui.com\/?page_id=1154"},"modified":"2020-04-09T18:02:16","modified_gmt":"2020-04-09T16:02:16","slug":"evenements","status":"publish","type":"page","link":"https:\/\/www.phototigui.com\/en\/evenements\/","title":{"rendered":"EVENEMENTS"},"content":{"rendered":"<p>[ngg src=&#8221;galleries&#8221; ids=&#8221;19&#8243; display=&#8221;basic_thumbnail&#8221;]&nbsp;<\/p>\n<p class=\"x_MsoNormal\">Faire des photos d\u2019\u00e9v\u00e9nements est un d\u00e9fi de taille et certainement parmi les plus exigeants dans le domaine de la photo.<\/p>\n<p class=\"x_MsoNormal\">&nbsp;Car les \u00e9v\u00e9nements sont \u00e9ph\u00e9m\u00e8res et se d\u00e9roulent parfois tr\u00e8s vite.&nbsp;&nbsp;Rendant&nbsp;&nbsp;parfois les&nbsp;&nbsp;moments magiques trop brefs.&nbsp;&nbsp;Le moindre faux pas ne pardonne pas. Une seconde d\u2019inattention et on risque de rat\u00e9 l\u2019instant magique \u00e0 immortaliser.<\/p>\n<p class=\"x_MsoNormal\">Un rat\u00e9 de&nbsp; l&#8217;\u00e9quipement photographique&nbsp; peut \u00eatre d\u00e9sastreux. Les \u00e9motions lors d\u2019un \u00e9v\u00e9nement sont nombreuses mais certaines sont plus importantes que d\u2019autres et ne peuvent \u00eatre n\u00e9glig\u00e9es. Certains moments sont cruciaux. Voil\u00e0 pourquoi la photo d\u2019\u00e9v\u00e9nement suscite des photographes chevronn\u00e9s et riche d\u2019exp\u00e9rience qui poss\u00e8dent du mat\u00e9riel professionnel.<\/p>\n<p class=\"x_MsoNormal\">Chez phototigui.com vous aurez des photos et de la vid\u00e9o de qualit\u00e9.<\/p>\n","protected":false},"excerpt":{"rendered":"<div class=\"slide-text-bg2\">\n<h3>[ngg src=&#8221;galleries&#8221; ids=&#8221;19&#8243; display=&#8221;basic_thumbnail&#8221;]&nbsp; Faire des photos d\u2019\u00e9v\u00e9nements est un d\u00e9fi de taille et certainement parmi les plus exigeants dans<\/h3>\n<\/div>\n<div class=\"flex-btn-div\"><a href=\"https:\/\/www.phototigui.com\/en\/evenements\/\" class=\"btn1 flex-btn\">Read More<\/a><\/div>\n","protected":false},"author":3,"featured_media":0,"parent":0,"menu_order":0,"comment_status":"closed","ping_status":"closed","template":"","meta":{"om_disable_all_campaigns":false,"_exactmetrics_skip_tracking":false,"_exactmetrics_sitenote_active":false,"_exactmetrics_sitenote_note":"","_exactmetrics_sitenote_category":0,"_monsterinsights_skip_tracking":false,"_monsterinsights_sitenote_active":false,"_monsterinsights_sitenote_note":"","_monsterinsights_sitenote_category":0,"_uf_show_specific_survey":0,"_uf_disable_surveys":false,"_vp_format_video_url":"","_vp_image_focal_point":[],"footnotes":""},"class_list":["post-1154","page","type-page","status-publish","hentry"],"yoast_head":"<!-- This site is optimized with the Yoast SEO plugin v27.5 - https:\/\/yoast.com\/product\/yoast-seo-wordpress\/ -->\n<title>Photographe professionnel senegal dakar goree et \u00e0 domicile<\/title>\n<meta name=\"description\" content=\"Nous r\u00e9alisons des photos d\u2019\u00e9v\u00e9nements qui representent g\u00e9n\u00e9ralement un d\u00e9fi de taille et certainement parmi les plus exigeants dans le domaine de la photo.\" \/>\n<meta name=\"robots\" content=\"index, follow, max-snippet:-1, max-image-preview:large, max-video-preview:-1\" \/>\n<link rel=\"canonical\" href=\"https:\/\/www.phototigui.com\/en\/evenements\/\" \/>\n<meta property=\"og:locale\" content=\"en_US\" \/>\n<meta property=\"og:locale:alternate\" content=\"fr_FR\" \/>\n<meta property=\"og:type\" content=\"article\" \/>\n<meta property=\"og:title\" content=\"Photographe professionnel senegal dakar goree et \u00e0 domicile\" \/>\n<meta property=\"og:description\" content=\"Nous r\u00e9alisons des photos d\u2019\u00e9v\u00e9nements qui representent g\u00e9n\u00e9ralement un d\u00e9fi de taille et certainement parmi les plus exigeants dans le domaine de la photo.\" \/>\n<meta property=\"og:url\" content=\"https:\/\/www.phototigui.com\/en\/evenements\/\" \/>\n<meta property=\"og:site_name\" content=\"Photographe Senegal\" \/>\n<meta property=\"article:publisher\" content=\"https:\/\/www.facebook.com\/phototigui\" \/>\n<meta property=\"article:modified_time\" content=\"2020-04-09T16:02:16+00:00\" \/>\n<meta name=\"twitter:card\" content=\"summary_large_image\" \/>\n<meta name=\"twitter:label1\" content=\"Est. reading time\" \/>\n\t<meta name=\"twitter:data1\" content=\"1 minute\" \/>\n<script type=\"application\/ld+json\" class=\"yoast-schema-graph\">{\"@context\":\"https:\\\/\\\/schema.org\",\"@graph\":[{\"@type\":\"WebPage\",\"@id\":\"https:\\\/\\\/www.phototigui.com\\\/evenements\\\/\",\"url\":\"https:\\\/\\\/www.phototigui.com\\\/evenements\\\/\",\"name\":\"Photographe professionnel senegal dakar goree et \u00e0 domicile\",\"isPartOf\":{\"@id\":\"https:\\\/\\\/www.phototigui.com\\\/#website\"},\"datePublished\":\"2018-06-09T13:42:28+00:00\",\"dateModified\":\"2020-04-09T16:02:16+00:00\",\"description\":\"Nous r\u00e9alisons des photos d\u2019\u00e9v\u00e9nements qui representent g\u00e9n\u00e9ralement un d\u00e9fi de taille et certainement parmi les plus exigeants dans le domaine de la photo.\",\"breadcrumb\":{\"@id\":\"https:\\\/\\\/www.phototigui.com\\\/evenements\\\/#breadcrumb\"},\"inLanguage\":\"en-US\",\"potentialAction\":[{\"@type\":\"ReadAction\",\"target\":[\"https:\\\/\\\/www.phototigui.com\\\/evenements\\\/\"]}]},{\"@type\":\"BreadcrumbList\",\"@id\":\"https:\\\/\\\/www.phototigui.com\\\/evenements\\\/#breadcrumb\",\"itemListElement\":[{\"@type\":\"ListItem\",\"position\":1,\"name\":\"Accueil\",\"item\":\"https:\\\/\\\/www.phototigui.com\\\/\"},{\"@type\":\"ListItem\",\"position\":2,\"name\":\"EVENEMENTS\"}]},{\"@type\":\"WebSite\",\"@id\":\"https:\\\/\\\/www.phototigui.com\\\/#website\",\"url\":\"https:\\\/\\\/www.phototigui.com\\\/\",\"name\":\"Photographe Senegal\",\"description\":\"Leader de la photographie professionnelle au Senegal\",\"publisher\":{\"@id\":\"https:\\\/\\\/www.phototigui.com\\\/#organization\"},\"potentialAction\":[{\"@type\":\"SearchAction\",\"target\":{\"@type\":\"EntryPoint\",\"urlTemplate\":\"https:\\\/\\\/www.phototigui.com\\\/?s={search_term_string}\"},\"query-input\":{\"@type\":\"PropertyValueSpecification\",\"valueRequired\":true,\"valueName\":\"search_term_string\"}}],\"inLanguage\":\"en-US\"},{\"@type\":\"Organization\",\"@id\":\"https:\\\/\\\/www.phototigui.com\\\/#organization\",\"name\":\"phototigui\",\"url\":\"https:\\\/\\\/www.phototigui.com\\\/\",\"logo\":{\"@type\":\"ImageObject\",\"inLanguage\":\"en-US\",\"@id\":\"https:\\\/\\\/www.phototigui.com\\\/#\\\/schema\\\/logo\\\/image\\\/\",\"url\":\"https:\\\/\\\/www.phototigui.com\\\/wp-content\\\/uploads\\\/2025\\\/11\\\/cropped-phototigui_logo_Narvik_Brun-Sorrell.png\",\"contentUrl\":\"https:\\\/\\\/www.phototigui.com\\\/wp-content\\\/uploads\\\/2025\\\/11\\\/cropped-phototigui_logo_Narvik_Brun-Sorrell.png\",\"width\":821,\"height\":305,\"caption\":\"phototigui\"},\"image\":{\"@id\":\"https:\\\/\\\/www.phototigui.com\\\/#\\\/schema\\\/logo\\\/image\\\/\"},\"sameAs\":[\"https:\\\/\\\/www.facebook.com\\\/phototigui\",\"https:\\\/\\\/www.instagram.com\\\/phototigui\\\/\"]}]}<\/script>\n<!-- \/ Yoast SEO plugin. -->","yoast_head_json":{"title":"Photographe professionnel senegal dakar goree et \u00e0 domicile","description":"Nous r\u00e9alisons des photos d\u2019\u00e9v\u00e9nements qui representent g\u00e9n\u00e9ralement un d\u00e9fi de taille et certainement parmi les plus exigeants dans le domaine de la photo.","robots":{"index":"index","follow":"follow","max-snippet":"max-snippet:-1","max-image-preview":"max-image-preview:large","max-video-preview":"max-video-preview:-1"},"canonical":"https:\/\/www.phototigui.com\/en\/evenements\/","og_locale":"en_US","og_type":"article","og_title":"Photographe professionnel senegal dakar goree et \u00e0 domicile","og_description":"Nous r\u00e9alisons des photos d\u2019\u00e9v\u00e9nements qui representent g\u00e9n\u00e9ralement un d\u00e9fi de taille et certainement parmi les plus exigeants dans le domaine de la photo.","og_url":"https:\/\/www.phototigui.com\/en\/evenements\/","og_site_name":"Photographe Senegal","article_publisher":"https:\/\/www.facebook.com\/phototigui","article_modified_time":"2020-04-09T16:02:16+00:00","twitter_card":"summary_large_image","twitter_misc":{"Est. reading time":"1 minute"},"schema":{"@context":"https:\/\/schema.org","@graph":[{"@type":"WebPage","@id":"https:\/\/www.phototigui.com\/evenements\/","url":"https:\/\/www.phototigui.com\/evenements\/","name":"Photographe professionnel senegal dakar goree et \u00e0 domicile","isPartOf":{"@id":"https:\/\/www.phototigui.com\/#website"},"datePublished":"2018-06-09T13:42:28+00:00","dateModified":"2020-04-09T16:02:16+00:00","description":"Nous r\u00e9alisons des photos d\u2019\u00e9v\u00e9nements qui representent g\u00e9n\u00e9ralement un d\u00e9fi de taille et certainement parmi les plus exigeants dans le domaine de la photo.","breadcrumb":{"@id":"https:\/\/www.phototigui.com\/evenements\/#breadcrumb"},"inLanguage":"en-US","potentialAction":[{"@type":"ReadAction","target":["https:\/\/www.phototigui.com\/evenements\/"]}]},{"@type":"BreadcrumbList","@id":"https:\/\/www.phototigui.com\/evenements\/#breadcrumb","itemListElement":[{"@type":"ListItem","position":1,"name":"Accueil","item":"https:\/\/www.phototigui.com\/"},{"@type":"ListItem","position":2,"name":"EVENEMENTS"}]},{"@type":"WebSite","@id":"https:\/\/www.phototigui.com\/#website","url":"https:\/\/www.phototigui.com\/","name":"Photographe Senegal","description":"Leader de la photographie professionnelle au Senegal","publisher":{"@id":"https:\/\/www.phototigui.com\/#organization"},"potentialAction":[{"@type":"SearchAction","target":{"@type":"EntryPoint","urlTemplate":"https:\/\/www.phototigui.com\/?s={search_term_string}"},"query-input":{"@type":"PropertyValueSpecification","valueRequired":true,"valueName":"search_term_string"}}],"inLanguage":"en-US"},{"@type":"Organization","@id":"https:\/\/www.phototigui.com\/#organization","name":"phototigui","url":"https:\/\/www.phototigui.com\/","logo":{"@type":"ImageObject","inLanguage":"en-US","@id":"https:\/\/www.phototigui.com\/#\/schema\/logo\/image\/","url":"https:\/\/www.phototigui.com\/wp-content\/uploads\/2025\/11\/cropped-phototigui_logo_Narvik_Brun-Sorrell.png","contentUrl":"https:\/\/www.phototigui.com\/wp-content\/uploads\/2025\/11\/cropped-phototigui_logo_Narvik_Brun-Sorrell.png","width":821,"height":305,"caption":"phototigui"},"image":{"@id":"https:\/\/www.phototigui.com\/#\/schema\/logo\/image\/"},"sameAs":["https:\/\/www.facebook.com\/phototigui","https:\/\/www.instagram.com\/phototigui\/"]}]}},"jetpack_sharing_enabled":true,"jetpack_shortlink":"https:\/\/wp.me\/Pa3WJh-iC","_links":{"self":[{"href":"https:\/\/www.phototigui.com\/en\/wp-json\/wp\/v2\/pages\/1154","targetHints":{"allow":["GET"]}}],"collection":[{"href":"https:\/\/www.phototigui.com\/en\/wp-json\/wp\/v2\/pages"}],"about":[{"href":"https:\/\/www.phototigui.com\/en\/wp-json\/wp\/v2\/types\/page"}],"author":[{"embeddable":true,"href":"https:\/\/www.phototigui.com\/en\/wp-json\/wp\/v2\/users\/3"}],"replies":[{"embeddable":true,"href":"https:\/\/www.phototigui.com\/en\/wp-json\/wp\/v2\/comments?post=1154"}],"version-history":[{"count":10,"href":"https:\/\/www.phototigui.com\/en\/wp-json\/wp\/v2\/pages\/1154\/revisions"}],"predecessor-version":[{"id":3986,"href":"https:\/\/www.phototigui.com\/en\/wp-json\/wp\/v2\/pages\/1154\/revisions\/3986"}],"wp:attachment":[{"href":"https:\/\/www.phototigui.com\/en\/wp-json\/wp\/v2\/media?parent=1154"}],"curies":[{"name":"wp","href":"https:\/\/api.w.org\/{rel}","templated":true}]}}

<p>[ngg src=&#8221;galleries&#8221; ids=&#8221;19&#8243; display=&#8221;basic_thumbnail&#8221;]&nbsp;</p>
<p class="x_MsoNormal">Faire des photos d’événements est un défi de taille et certainement parmi les plus exigeants dans le domaine de la photo.</p>
<p class="x_MsoNormal">&nbsp;Car les événements sont éphémères et se déroulent parfois très vite.&nbsp;&nbsp;Rendant&nbsp;&nbsp;parfois les&nbsp;&nbsp;moments magiques trop brefs.&nbsp;&nbsp;Le moindre faux pas ne pardonne pas. Une seconde d’inattention et on risque de raté l’instant magique à immortaliser.</p>
<p class="x_MsoNormal">Un raté de&nbsp; l&#8217;équipement photographique&nbsp; peut être désastreux. Les émotions lors d’un événement sont nombreuses mais certaines sont plus importantes que d’autres et ne peuvent être négligées. Certains moments sont cruciaux. Voilà pourquoi la photo d’événement suscite des photographes chevronnés et riche d’expérience qui possèdent du matériel professionnel.</p>
<p class="x_MsoNormal">Chez phototigui.com vous aurez des photos et de la vidéo de qualité.</p>

<div class="slide-text-bg2">
<h3>[ngg src=&#8221;galleries&#8221; ids=&#8221;19&#8243; display=&#8221;basic_thumbnail&#8221;]&nbsp; Faire des photos d’événements est un défi de taille et certainement parmi les plus exigeants dans</h3>
</div>
<div class="flex-btn-div"><a href="https://www.phototigui.com/en/evenements/" class="btn1 flex-btn">Read More</a></div>

<!-- This site is optimized with the Yoast SEO plugin v27.5 - https://yoast.com/product/yoast-seo-wordpress/ -->
<title>Photographe professionnel senegal dakar goree et à domicile</title>
<meta name="description" content="Nous réalisons des photos d’événements qui representent généralement un défi de taille et certainement parmi les plus exigeants dans le domaine de la photo." />
<meta name="robots" content="index, follow, max-snippet:-1, max-image-preview:large, max-video-preview:-1" />
<link rel="canonical" href="https://www.phototigui.com/en/evenements/" />
<meta property="og:locale" content="en_US" />
<meta property="og:locale:alternate" content="fr_FR" />
<meta property="og:type" content="article" />
<meta property="og:title" content="Photographe professionnel senegal dakar goree et à domicile" />
<meta property="og:description" content="Nous réalisons des photos d’événements qui representent généralement un défi de taille et certainement parmi les plus exigeants dans le domaine de la photo." />
<meta property="og:url" content="https://www.phototigui.com/en/evenements/" />
<meta property="og:site_name" content="Photographe Senegal" />
<meta property="article:publisher" content="https://www.facebook.com/phototigui" />
<meta property="article:modified_time" content="2020-04-09T16:02:16+00:00" />
<meta name="twitter:card" content="summary_large_image" />
<meta name="twitter:label1" content="Est. reading time" />
	<meta name="twitter:data1" content="1 minute" />
<script type="application/ld+json" class="yoast-schema-graph">{"@context":"https:\/\/schema.org","@graph":[{"@type":"WebPage","@id":"https:\/\/www.phototigui.com\/evenements\/","url":"https:\/\/www.phototigui.com\/evenements\/","name":"Photographe professionnel senegal dakar goree et à domicile","isPartOf":{"@id":"https:\/\/www.phototigui.com\/#website"},"datePublished":"2018-06-09T13:42:28+00:00","dateModified":"2020-04-09T16:02:16+00:00","description":"Nous réalisons des photos d’événements qui representent généralement un défi de taille et certainement parmi les plus exigeants dans le domaine de la photo.","breadcrumb":{"@id":"https:\/\/www.phototigui.com\/evenements\/#breadcrumb"},"inLanguage":"en-US","potentialAction":[{"@type":"ReadAction","target":["https:\/\/www.phototigui.com\/evenements\/"]}]},{"@type":"BreadcrumbList","@id":"https:\/\/www.phototigui.com\/evenements\/#breadcrumb","itemListElement":[{"@type":"ListItem","position":1,"name":"Accueil","item":"https:\/\/www.phototigui.com\/"},{"@type":"ListItem","position":2,"name":"EVENEMENTS"}]},{"@type":"WebSite","@id":"https:\/\/www.phototigui.com\/#website","url":"https:\/\/www.phototigui.com\/","name":"Photographe Senegal","description":"Leader de la photographie professionnelle au Senegal","publisher":{"@id":"https:\/\/www.phototigui.com\/#organization"},"potentialAction":[{"@type":"SearchAction","target":{"@type":"EntryPoint","urlTemplate":"https:\/\/www.phototigui.com\/?s={search_term_string}"},"query-input":{"@type":"PropertyValueSpecification","valueRequired":true,"valueName":"search_term_string"}}],"inLanguage":"en-US"},{"@type":"Organization","@id":"https:\/\/www.phototigui.com\/#organization","name":"phototigui","url":"https:\/\/www.phototigui.com\/","logo":{"@type":"ImageObject","inLanguage":"en-US","@id":"https:\/\/www.phototigui.com\/#\/schema\/logo\/image\/","url":"https:\/\/www.phototigui.com\/wp-content\/uploads\/2025\/11\/cropped-phototigui_logo_Narvik_Brun-Sorrell.png","contentUrl":"https:\/\/www.phototigui.com\/wp-content\/uploads\/2025\/11\/cropped-phototigui_logo_Narvik_Brun-Sorrell.png","width":821,"height":305,"caption":"phototigui"},"image":{"@id":"https:\/\/www.phototigui.com\/#\/schema\/logo\/image\/"},"sameAs":["https:\/\/www.facebook.com\/phototigui","https:\/\/www.instagram.com\/phototigui\/"]}]}</script>
<!-- / Yoast SEO plugin. -->

Photographe professionnel senegal dakar goree et à domicile

Nous réalisons des photos d’événements qui representent généralement un défi de taille et certainement parmi les plus exigeants dans le domaine de la photo.
